{"id":120,"date":"2025-10-01T15:09:49","date_gmt":"2025-10-01T15:09:49","guid":{"rendered":"https:\/\/successconsulting.bf\/?page_id=120"},"modified":"2025-10-01T15:20:32","modified_gmt":"2025-10-01T15:20:32","slug":"qui-suis-je","status":"publish","type":"page","link":"https:\/\/successconsulting.bf\/index.php\/qui-suis-je\/","title":{"rendered":"Qui suis-je ?"},"content":{"rendered":"\n<p><strong>Biographie professionnelle \u2013 Abdoulaye SAWADOGO<\/strong><\/p>\n\n\n\n<p>Dipl\u00f4m\u00e9 d\u2019une Ma\u00eetrise en Linguistique (sociolinguistique) de l\u2019Universit\u00e9 Joseph Ki-Zerbo (Burkina Faso) et d\u2019un Master en Sciences de l\u2019\u00c9ducation, avec une sp\u00e9cialisation en mondialisation, de l\u2019Universit\u00e9 de Moreland (Washington, \u00c9tats-Unis), Abdoulaye SAWADOGO capitalise pr\u00e8s de 14 ann\u00e9es d\u2019exp\u00e9rience professionnelle, dont 12 ans dans le domaine de l\u2019\u00e9ducation et 2 ans dans la gestion de projets.<\/p>\n\n\n\n<p>Depuis son int\u00e9gration dans l\u2019\u00e9ducation internationale en 2019, il a renforc\u00e9 ses comp\u00e9tences par une certification en \u00c9ducation internationale de l\u2019Universit\u00e9 de Moreland ainsi qu\u2019une certification en enseignement du Baccalaur\u00e9at International (IB).<\/p>\n\n\n\n<p>Anim\u00e9 par une profonde passion pour la protection de l\u2019enfance, il s\u2019est engag\u00e9 dans une formation continue sur le sujet \u00e0 travers diff\u00e9rentes plateformes de r\u00e9f\u00e9rence, notamment UNICEF Agora et Kaya, Alison, <a href=\"http:\/\/childsafeguarding.com\">ChildSafeguarding.com<\/a> et l\u2019Universit\u00e9 de Harvard, o\u00f9 il a suivi plusieurs modules de formation intensive sur la protection de l\u2019enfant et du droit des enfants.<\/p>\n","protected":false},"excerpt":{"rendered":"<p>Biographie professionnelle \u2013 Abdoulaye SAWADOGO Dipl\u00f4m\u00e9 d\u2019une Ma\u00eetrise en Linguistique (sociolinguistique) de l\u2019Universit\u00e9 Joseph Ki-Zerbo (Burkina Faso) et d\u2019un Master en Sciences de l\u2019\u00c9ducation, avec une sp\u00e9cialisation en mondialisation, de l\u2019Universit\u00e9 de Moreland (Washington, \u00c9tats-Unis), Abdoulaye SAWADOGO capitalise pr\u00e8s de 14 ann\u00e9es d\u2019exp\u00e9rience professionnelle, dont 12 ans dans le domaine de l\u2019\u00e9ducation et 2 ans [&hellip;]<\/p>\n","protected":false},"author":1,"featured_media":0,"parent":0,"menu_order":0,"comment_status":"closed","ping_status":"closed","template":"","meta":{"footnotes":""},"class_list":["post-120","page","type-page","status-publish","hentry"],"_links":{"self":[{"href":"https:\/\/successconsulting.bf\/index.php\/wp-json\/wp\/v2\/pages\/120","targetHints":{"allow":["GET"]}}],"collection":[{"href":"https:\/\/successconsulting.bf\/index.php\/wp-json\/wp\/v2\/pages"}],"about":[{"href":"https:\/\/successconsulting.bf\/index.php\/wp-json\/wp\/v2\/types\/page"}],"author":[{"embeddable":true,"href":"https:\/\/successconsulting.bf\/index.php\/wp-json\/wp\/v2\/users\/1"}],"replies":[{"embeddable":true,"href":"https:\/\/successconsulting.bf\/index.php\/wp-json\/wp\/v2\/comments?post=120"}],"version-history":[{"count":2,"href":"https:\/\/successconsulting.bf\/index.php\/wp-json\/wp\/v2\/pages\/120\/revisions"}],"predecessor-version":[{"id":124,"href":"https:\/\/successconsulting.bf\/index.php\/wp-json\/wp\/v2\/pages\/120\/revisions\/124"}],"wp:attachment":[{"href":"https:\/\/successconsulting.bf\/index.php\/wp-json\/wp\/v2\/media?parent=120"}],"curies":[{"name":"wp","href":"https:\/\/api.w.org\/{rel}","templated":true}]}}